{"id":2,"date":"2024-01-11T15:03:14","date_gmt":"2024-01-11T15:03:14","guid":{"rendered":"https:\/\/joseluisherrerorubio.com\/?page_id=2"},"modified":"2025-07-12T17:26:18","modified_gmt":"2025-07-12T17:26:18","slug":"sample-page","status":"publish","type":"page","link":"https:\/\/joseluisherrerorubio.com\/index.php\/sample-page\/","title":{"rendered":"Sobre el autor"},"content":{"rendered":"<p>&nbsp;<\/p>\n<p>Jos\u00e9 Luis Herrero\u00a0\u00a0Rubio (Alfaro, La Rioja, 13 de septiembre de 1957), se considera un apasionado de la historia.<\/p>\n<p>En sus novelas, perfectamente documentadas, se muestra la obsesi\u00f3n del autor por reflejar, de la forma m\u00e1s fiel posible, el ambiente<img loading=\"lazy\" decoding=\"async\" class=\"wp-image-318 alignleft\" src=\"https:\/\/joseluisherrerorubio.com\/wp-content\/uploads\/2025\/05\/FotoAutor.jpg\" alt=\"\" width=\"170\" height=\"222\" \/><\/p>\n<p>y el modo de\u00a0vida de la \u00e9poca, con narraciones en las que la ficci\u00f3n, h\u00e1bilmente insertada en la realidad hist\u00f3rica, aporta un alto nivel de verosimilitud y coherencia.<\/p>\n<p>La primera, \u201cEl Pergamino de San Miguel\u201d, fue publicada a finales de 2016 y trataba el apasionante tema del origen de los templarios y su vigencia actual.<\/p>\n<p>A finales de 2018 ve la luz \u201cM\u00e9lete, el acoso del \u00e1guila\u201d, que nos sumerge en el mundo grecorromano del siglo IV d.C., y en 2021 se publica \u201cSi las Parcas lo permiten\u201d, que constituye la segunda parte de la anterior.<\/p>\n<p style=\"text-align: justify;\">La forja de una traici\u00f3n supone su cuarta novela.<\/p>\n<h4 style=\"text-align: center;\"><a href=\"https:\/\/www.amazon.es\/stores\/author\/B0FD4NX5G4\/about\">P\u00e1gina del autor en Amazon<\/a><\/h4>\n<h4 style=\"text-align: center;\"><a href=\"mailto: contacto@joseluisherrerorubio.com\">Contactar con el autor v\u00eda email<\/a><\/h4>\n","protected":false},"excerpt":{"rendered":"<p>&nbsp; Jos\u00e9 Luis Herrero\u00a0\u00a0Rubio (Alfaro, La Rioja, 13 de septiembre de 1957), se considera un apasionado de la historia. En sus novelas, perfectamente documentadas, se muestra la obsesi\u00f3n del autor por reflejar, de la forma m\u00e1s fiel posible, el ambiente y el modo de\u00a0vida de la \u00e9poca, con narraciones en las que la ficci\u00f3n, h\u00e1bilmente&hellip;&nbsp;<\/p>\n","protected":false},"author":1,"featured_media":0,"parent":0,"menu_order":3,"comment_status":"closed","ping_status":"open","template":"","meta":{"neve_meta_sidebar":"","neve_meta_container":"","neve_meta_enable_content_width":"off","neve_meta_content_width":100,"neve_meta_title_alignment":"","neve_meta_author_avatar":"","neve_post_elements_order":"","neve_meta_disable_header":"","neve_meta_disable_footer":"","neve_meta_disable_title":"","footnotes":""},"class_list":["post-2","page","type-page","status-publish","hentry"],"_links":{"self":[{"href":"https:\/\/joseluisherrerorubio.com\/index.php\/wp-json\/wp\/v2\/pages\/2","targetHints":{"allow":["GET"]}}],"collection":[{"href":"https:\/\/joseluisherrerorubio.com\/index.php\/wp-json\/wp\/v2\/pages"}],"about":[{"href":"https:\/\/joseluisherrerorubio.com\/index.php\/wp-json\/wp\/v2\/types\/page"}],"author":[{"embeddable":true,"href":"https:\/\/joseluisherrerorubio.com\/index.php\/wp-json\/wp\/v2\/users\/1"}],"replies":[{"embeddable":true,"href":"https:\/\/joseluisherrerorubio.com\/index.php\/wp-json\/wp\/v2\/comments?post=2"}],"version-history":[{"count":27,"href":"https:\/\/joseluisherrerorubio.com\/index.php\/wp-json\/wp\/v2\/pages\/2\/revisions"}],"predecessor-version":[{"id":348,"href":"https:\/\/joseluisherrerorubio.com\/index.php\/wp-json\/wp\/v2\/pages\/2\/revisions\/348"}],"wp:attachment":[{"href":"https:\/\/joseluisherrerorubio.com\/index.php\/wp-json\/wp\/v2\/media?parent=2"}],"curies":[{"name":"wp","href":"https:\/\/api.w.org\/{rel}","templated":true}]}}